 and 91.
7
Calculate the highest common divisor of 6749 and 85.
17
What is the highest common divisor of 478 and 2?
2
What is the greatest common divisor of 117 and 56043?
117
Calculate the highest common factor of 133 and 56.
7
Calculate the highest common factor of 76 and 4.
4
Calculate the greatest common divisor of 59 and 32037.
59
Calculate the greatest common factor of 212 and 57028.
212
What is the greatest common divisor of 114 and 494?
38
What is the greatest common factor of 6923 and 86?
43
What is the greatest common divisor of 402 and 30?
6
What is the highest common factor of 46 and 184?
46
What is the highest common divisor of 306 and 170?
34
Calculate the greatest common factor of 102 and 238.
34
What is the greatest common divisor of 40 and 32?
8
What is the highest common factor of 2784 and 1248?
96
What is the greatest common divisor of 1328 and 7802?
166
Calculate the greatest common divisor of 117 and 403.
13
Calculate the highest common factor of 940 and 130.
10
What is the greatest common divisor of 320 and 5320?
40
Calculate the highest common divisor of 30 and 4386.
6
Calculate the highest common divisor of 4644 and 27.
27
Calculate the highest common factor of 7018 and 348.
58
Calculate the highest common factor of 912 and 120.
24
Calculate the highest common divisor of 700 and 750.
50
Calculate the greatest common divisor of 3854 and 205.
41
Calculate the highest common divisor of 14257 and 538.
269
What is the highest common factor of 158 and 158?
158
Calculate the highest common factor of 4768 and 112.
16
Calculate the highest common divisor of 51227 and 22.
11
What is the highest common factor of 55455 and 15?
15
Calculate the greatest common divisor of 124 and 4.
4
Calculate the greatest common factor of 6554 and 4.
2
What is the greatest common factor of 448 and 1?
1
Calculate the greatest common divisor of 5038 and 7786.
458
Calculate the greatest common divisor of 44022 and 87.
87
What is the greatest common factor of 155 and 217?
31
Calculate the greatest common divisor of 1122 and 726.
66
Calculate the highest common divisor of 39 and 65.
13
Calculate the greatest common divisor of 34270 and 920.
230
What is the highest common divisor of 16 and 16?
16
Calculate the greatest common factor of 344 and 72.
8
Calculate the greatest common divisor of 37 and 37.
37
What is the greatest common factor of 128 and 14?
2
Calculate the highest common factor of 16 and 2.
2
Calculate the greatest common divisor of 72 and 9.
9
Calculate the highest common divisor of 279 and 62.
31
What is the highest common factor of 544 and 3060?
68
Calculate the highest common factor of 119 and 14.
7
What is the greatest common factor of 544 and 96?
32
What is the highest common factor of 400 and 1100?
100
What is the greatest common divisor of 217 and 126?
7
What is the greatest common divisor of 6 and 1182?
6
Calculate the highest common divisor of 11618 and 157.
157
Calculate the highest common divisor of 720 and 6192.
144
What is the greatest common factor of 2 and 634?
2
Calculate the greatest common divisor of 65 and 650.
65
Calculate the greatest common factor of 4 and 2048.
4
Calculate the greatest common divisor of 822 and 54.
6
Calculate the highest common divisor of 41 and 1517.
41
What is the highest common divisor of 17 and 1?
1
What is the highest common divisor of 456 and 570?
114
What is the highest common factor of 6190 and 20?
10
What is the highest common factor of 2970 and 550?
110
What is the highest common divisor of 100 and 700?
100
What is the highest common factor of 729 and 42768?
243
What is the highest common factor of 297 and 27?
27
What is the highest common factor of 58 and 13978?
58
Calculate the greatest common divisor of 18 and 144.
18
Calculate the greatest common factor of 232 and 29.
29
What is the greatest common factor of 7171 and 71?
71
What is the greatest common divisor of 3674 and 22?
22
Calculate the highest common factor of 875 and 11125.
125
What is the highest common divisor of 1284 and 24?
12
What is the highest common divisor of 90 and 27180?
90
Calculate the greatest common factor of 9 and 222.
3
What is the greatest common divisor of 176 and 308?
44
What is the highest common divisor of 13 and 611?
13
Calculate the greatest common factor of 18527 and 573.
191
Calculate the greatest common divisor of 78 and 20280.
78
What is the greatest common factor of 23 and 299?
23
Calculate the highest common factor of 15 and 75.
15
Calculate the greatest common divisor of 15 and 795.
15
What is the greatest common factor of 27 and 450?
9
Calculate the highest common divisor of 13 and 53443.
13
What is the greatest common factor of 76 and 8?
4
Calculate the greatest common factor of 112 and 128.
16
What is the greatest common divisor of 88 and 693?
11
Calculate the greatest common divisor of 8 and 36.
4
Calculate the greatest common factor of 3298 and 136.
34
What is the highest common divisor of 1558 and 6?
2
Calculate the highest common factor of 172 and 20898.
86
Calculate the greatest common divisor of 64 and 6176.
32
What is the highest common divisor of 18 and 1422?
18
What is the highest common factor of 1311 and 513?
57
Calculate the highest common divisor of 750 and 30.
30
Calculate the highest common divisor of 1748 and 1102.
38
Calculate the highest common factor of 225 and 2475.
225
What is the highest common factor of 60 and 24?
12
Calculate the greatest common divisor of 3087 and 9.
9
What is the greatest common divisor of 1656 and 345?
69
Calculate the greatest common factor of 150 and 5.
5
What is the greatest common factor of 156 and 5196?
12
What is the greatest common factor of 686 and 658?
14
Calculate the highest common factor of 7 and 5852.
7
What is the highest common divisor of 20253 and 129?
129
What is the highest common divisor of 10563 and 21?
21
Calculate the greatest common divisor of 148 and 185.
37
Calculate the greatest common factor of 60 and 5420.
20
What is the highest common factor of 22 and 869?
11
What is the greatest common divisor of 248 and 16?
8
Calculate the greatest common divisor of 15 and 34035.
15
Calculate the greatest common factor of 70 and 160.
10
What is the highest common divisor of 11 and 1309?
11
Calculate the greatest common factor of 133 and 7.
7
Calculate the highest common divisor of 70 and 17990.
70
What is the greatest common factor of 308 and 6391?
77
What is the highest common divisor of 180 and 7605?
45
What is the greatest common factor of 906 and 12?
6
What is the greatest common divisor of 48 and 8520?
24
What is the highest common factor of 2080 and 65?
65
What is the highest common factor of 1396 and 20?
4
What is the greatest common divisor of 72 and 1704?
24
What is the highest common divisor of 194 and 291?
97
What is the highest common divisor of 66 and 220?
22
What is the greatest common factor of 18500 and 200?
100
What is the greatest common factor of 161 and 69?
23
Calculate the highest common factor of 3280 and 41.
41
Calculate the greatest common divisor of 22 and 583.
11
What is the highest common factor of 7 and 287?
7
What is the greatest common divisor of 33 and 39?
3
What is the greatest common factor of 304 and 38?
38
Calculate the highest common divisor of 2110 and 20.
10
Calculate the highest common divisor of 34 and 1326.
34
What is the greatest common factor of 92 and 69?
23
What is the highest common factor of 448 and 14?
14
What is the greatest common factor of 92 and 3151?
23
What is the greatest common factor of 358 and 42781?
179
Calculate the highest common factor of 53 and 14946.
53
Calculate the greatest common factor of 60 and 9680.
20
What is the greatest common factor of 231 and 105?
21
Calculate the highest common factor of 7 and 12138.
7
What is the highest common factor of 500 and 2400?
100
What is the highest common divisor of 1897 and 28?
7
Calculate the highest common factor of 100 and 24.
4
Calculate the highest common factor of 9 and 57.
3
Calculate the highest common factor of 1 and 57.
1
What is the highest common divisor of 14 and 4368?
14
Calculate the highest common factor of 748 and 408.
68
What is the greatest common factor of 150 and 315?
15
Calculate the highest common divisor of 2